{"id":92,"date":"2021-12-14T19:56:18","date_gmt":"2021-12-14T19:56:18","guid":{"rendered":"https:\/\/www.asilonidospes.it\/?page_id=92"},"modified":"2024-05-10T09:51:26","modified_gmt":"2024-05-10T09:51:26","slug":"rapporto-con-le-famiglie","status":"publish","type":"page","link":"https:\/\/www.asilonidospes.it\/?page_id=92","title":{"rendered":"Rapporto con le famiglie"},"content":{"rendered":"\t\t<div data-elementor-type=\"wp-page\" data-elementor-id=\"92\" class=\"elementor elementor-92\">\n\t\t\t\t\t\t<section class=\"elementor-section elementor-top-section elementor-element elementor-element-69a4872 elementor-section-boxed elementor-section-height-default elementor-section-height-default\" data-id=\"69a4872\" data-element_type=\"section\" data-e-type=\"section\">\n\t\t\t\t\t\t<div class=\"elementor-container elementor-column-gap-default\">\n\t\t\t\t\t<div class=\"elementor-column elementor-col-100 elementor-top-column elementor-element elementor-element-6dede21\" data-id=\"6dede21\" data-element_type=\"column\" data-e-type=\"column\">\n\t\t\t<div class=\"elementor-widget-wrap elementor-element-populated\">\n\t\t\t\t\t\t<div class=\"elementor-element elementor-element-8ddd69c elementor-widget elementor-widget-heading\" data-id=\"8ddd69c\" data-element_type=\"widget\" data-e-type=\"widget\" data-widget_type=\"heading.default\">\n\t\t\t\t<div class=\"elementor-widget-container\">\n\t\t\t\t\t<h1 class=\"elementor-heading-title elementor-size-default\">L'importanza del rapporto con la famiglia<\/h1>\t\t\t\t<\/div>\n\t\t\t\t<\/div>\n\t\t\t\t<div class=\"elementor-element elementor-element-df6eb43 elementor-widget elementor-widget-spacer\" data-id=\"df6eb43\" data-element_type=\"widget\" data-e-type=\"widget\" data-widget_type=\"spacer.default\">\n\t\t\t\t<div class=\"elementor-widget-container\">\n\t\t\t\t\t\t\t<div class=\"elementor-spacer\">\n\t\t\t<div class=\"elementor-spacer-inner\"><\/div>\n\t\t<\/div>\n\t\t\t\t\t\t<\/div>\n\t\t\t\t<\/div>\n\t\t\t\t<div class=\"elementor-element elementor-element-0cbfaa4 elementor-widget elementor-widget-text-editor\" data-id=\"0cbfaa4\" data-element_type=\"widget\" data-e-type=\"widget\" data-widget_type=\"text-editor.default\">\n\t\t\t\t<div class=\"elementor-widget-container\">\n\t\t\t\t\t\t\t\t\t<p>L&#8217;obiettivo specifico del nido, \u00e8 l&#8217;attenzione particolare al rapporto con la famiglia, inteso come conoscenza iniziale, interscambio, collaborazione e passaggio di contenuti reciproci, durante l&#8217;arco di permanenza del bambino nel nido.<\/p><p>Infatti, \u00e8 importante conoscere la storia di ogni bambino e il suo vissuto, per poter meglio capire il presente, e creare quella continuit\u00e0, che rappresenter\u00e0 poi,\u00a0 un&#8217;occasione privilegiata di rapporto personalizzato.<\/p><p>Il primo approccio di conoscenza con la famiglia, avviene attraverso incontri informali con il coordinatore, il quale presenta il servizio nella sua totalit\u00e0, mettendo in evidenza la valenza educativa del nido.<\/p><p>Ai primi incontri formali seguono:<\/p><ul><li>L&#8217;assemblea generale nella quale vengono presentati il servizio, l&#8217;organizzazione, nonch\u00e9 le modalit\u00e0 di inserimento del bambino;<\/li><li>L&#8217;incontro individualizzato tra il genitore e il coordinatore, finalizzato alla conoscenza della storia della famiglia, del bambino e delle tappe significative della sua crescita; lo strumento di documentazione usato \u00e8 la Scheda Colloquio Genitori.<\/li><\/ul>\t\t\t\t\t\t\t\t<\/div>\n\t\t\t\t<\/div>\n\t\t\t\t<div class=\"elementor-element elementor-element-3f27cc4 elementor-widget elementor-widget-spacer\" data-id=\"3f27cc4\" data-element_type=\"widget\" data-e-type=\"widget\" data-widget_type=\"spacer.default\">\n\t\t\t\t<div class=\"elementor-widget-container\">\n\t\t\t\t\t\t\t<div class=\"elementor-spacer\">\n\t\t\t<div class=\"elementor-spacer-inner\"><\/div>\n\t\t<\/div>\n\t\t\t\t\t\t<\/div>\n\t\t\t\t<\/div>\n\t\t\t\t<div class=\"elementor-element elementor-element-1ee899d elementor-widget elementor-widget-image\" data-id=\"1ee899d\" data-element_type=\"widget\" data-e-type=\"widget\" data-widget_type=\"image.default\">\n\t\t\t\t<div class=\"elementor-widget-container\">\n\t\t\t\t\t\t\t\t\t\t\t\t\t\t\t<img decoding=\"async\" src=\"https:\/\/www.asilonidospes.it\/wp-content\/uploads\/elementor\/thumbs\/MG_6725-1-scaled-pkbcyde88246xfb4x0op1u0yen7x1ow6v288rn4etw.jpg\" title=\"_MG_6725\" alt=\"_MG_6725\" loading=\"lazy\" \/>\t\t\t\t\t\t\t\t\t\t\t\t\t\t\t<\/div>\n\t\t\t\t<\/div>\n\t\t\t\t<div class=\"elementor-element elementor-element-c090bd1 elementor-widget elementor-widget-spacer\" data-id=\"c090bd1\" data-element_type=\"widget\" data-e-type=\"widget\" data-widget_type=\"spacer.default\">\n\t\t\t\t<div class=\"elementor-widget-container\">\n\t\t\t\t\t\t\t<div class=\"elementor-spacer\">\n\t\t\t<div class=\"elementor-spacer-inner\"><\/div>\n\t\t<\/div>\n\t\t\t\t\t\t<\/div>\n\t\t\t\t<\/div>\n\t\t\t\t<div class=\"elementor-element elementor-element-7d6c851 elementor-widget elementor-widget-heading\" data-id=\"7d6c851\" data-element_type=\"widget\" data-e-type=\"widget\" data-widget_type=\"heading.default\">\n\t\t\t\t<div class=\"elementor-widget-container\">\n\t\t\t\t\t<h3 class=\"elementor-heading-title elementor-size-default\">Occasioni d'incontro nido\/famiglia<\/h3>\t\t\t\t<\/div>\n\t\t\t\t<\/div>\n\t\t\t\t<div class=\"elementor-element elementor-element-0bfce5d elementor-widget elementor-widget-text-editor\" data-id=\"0bfce5d\" data-element_type=\"widget\" data-e-type=\"widget\" data-widget_type=\"text-editor.default\">\n\t\t\t\t<div class=\"elementor-widget-container\">\n\t\t\t\t\t\t\t\t\t<p>Nell&#8217;arco dell&#8217;anno i genitori partecipano alla vita del nido attraverso:<\/p><ul><li>Fase di ambientamento de bambino;<\/li><li>Incontri assembleari,<\/li><li>Incontri di sezione;<\/li><li>Banca del tempo;<\/li><li>Uscite sul territorio;<\/li><li>Organizzazione di laboratori e feste;<\/li><li>Verifica del livello di soddisfazione della famiglia;<\/li><li>Scuola genitori.<\/li><\/ul>\t\t\t\t\t\t\t\t<\/div>\n\t\t\t\t<\/div>\n\t\t\t\t<div class=\"elementor-element elementor-element-87b2592 elementor-widget elementor-widget-spacer\" data-id=\"87b2592\" data-element_type=\"widget\" data-e-type=\"widget\" data-widget_type=\"spacer.default\">\n\t\t\t\t<div class=\"elementor-widget-container\">\n\t\t\t\t\t\t\t<div class=\"elementor-spacer\">\n\t\t\t<div class=\"elementor-spacer-inner\"><\/div>\n\t\t<\/div>\n\t\t\t\t\t\t<\/div>\n\t\t\t\t<\/div>\n\t\t\t\t<div class=\"elementor-element elementor-element-41fc626 gallery-spacing-custom elementor-widget elementor-widget-image-gallery\" data-id=\"41fc626\" data-element_type=\"widget\" data-e-type=\"widget\" data-widget_type=\"image-gallery.default\">\n\t\t\t\t<div class=\"elementor-widget-container\">\n\t\t\t\t\t\t\t<div class=\"elementor-image-gallery\">\n\t\t\t<div id='gallery-1' class='gallery galleryid-92 gallery-columns-3 gallery-size-full'><figure class='gallery-item'>\n\t\t\t<div class='gallery-icon landscape'>\n\t\t\t\t<a data-elementor-open-lightbox=\"yes\" data-elementor-lightbox-slideshow=\"41fc626\" data-elementor-lightbox-title=\"_MG_6740\" data-e-action-hash=\"#elementor-action%3Aaction%3Dlightbox%26settings%3DeyJpZCI6ODc3LCJ1cmwiOiJodHRwczpcL1wvd3d3LmFzaWxvbmlkb3NwZXMuaXRcL3dwLWNvbnRlbnRcL3VwbG9hZHNcLzIwMjJcLzAyXC9NR182NzQwLXNjYWxlZC5qcGciLCJzbGlkZXNob3ciOiI0MWZjNjI2In0%3D\" href='https:\/\/www.asilonidospes.it\/wp-content\/uploads\/2022\/02\/MG_6740-scaled.jpg'><img fetchpriority=\"high\" decoding=\"async\" width=\"2560\" height=\"2560\" src=\"https:\/\/www.asilonidospes.it\/wp-content\/uploads\/2022\/02\/MG_6740-scaled.jpg\" class=\"attachment-full size-full\" alt=\"\" srcset=\"https:\/\/www.asilonidospes.it\/wp-content\/uploads\/2022\/02\/MG_6740-scaled.jpg 2560w, https:\/\/www.asilonidospes.it\/wp-content\/uploads\/2022\/02\/MG_6740-300x300.jpg 300w, https:\/\/www.asilonidospes.it\/wp-content\/uploads\/2022\/02\/MG_6740-1024x1024.jpg 1024w, https:\/\/www.asilonidospes.it\/wp-content\/uploads\/2022\/02\/MG_6740-150x150.jpg 150w, https:\/\/www.asilonidospes.it\/wp-content\/uploads\/2022\/02\/MG_6740-768x768.jpg 768w, https:\/\/www.asilonidospes.it\/wp-content\/uploads\/2022\/02\/MG_6740-1536x1536.jpg 1536w, https:\/\/www.asilonidospes.it\/wp-content\/uploads\/2022\/02\/MG_6740-2048x2048.jpg 2048w\" sizes=\"(max-width: 2560px) 100vw, 2560px\" \/><\/a>\n\t\t\t<\/div><\/figure><figure class='gallery-item'>\n\t\t\t<div class='gallery-icon landscape'>\n\t\t\t\t<a data-elementor-open-lightbox=\"yes\" data-elementor-lightbox-slideshow=\"41fc626\" data-elementor-lightbox-title=\"_MG_6689\" data-e-action-hash=\"#elementor-action%3Aaction%3Dlightbox%26settings%3DeyJpZCI6ODc0LCJ1cmwiOiJodHRwczpcL1wvd3d3LmFzaWxvbmlkb3NwZXMuaXRcL3dwLWNvbnRlbnRcL3VwbG9hZHNcLzIwMjJcLzAyXC9NR182Njg5LXNjYWxlZC5qcGciLCJzbGlkZXNob3ciOiI0MWZjNjI2In0%3D\" href='https:\/\/www.asilonidospes.it\/wp-content\/uploads\/2022\/02\/MG_6689-scaled.jpg'><img decoding=\"async\" width=\"2560\" height=\"2560\" src=\"https:\/\/www.asilonidospes.it\/wp-content\/uploads\/2022\/02\/MG_6689-scaled.jpg\" class=\"attachment-full size-full\" alt=\"\" srcset=\"https:\/\/www.asilonidospes.it\/wp-content\/uploads\/2022\/02\/MG_6689-scaled.jpg 2560w, https:\/\/www.asilonidospes.it\/wp-content\/uploads\/2022\/02\/MG_6689-300x300.jpg 300w, https:\/\/www.asilonidospes.it\/wp-content\/uploads\/2022\/02\/MG_6689-1024x1024.jpg 1024w, https:\/\/www.asilonidospes.it\/wp-content\/uploads\/2022\/02\/MG_6689-150x150.jpg 150w, https:\/\/www.asilonidospes.it\/wp-content\/uploads\/2022\/02\/MG_6689-768x768.jpg 768w, https:\/\/www.asilonidospes.it\/wp-content\/uploads\/2022\/02\/MG_6689-1536x1536.jpg 1536w, https:\/\/www.asilonidospes.it\/wp-content\/uploads\/2022\/02\/MG_6689-2048x2048.jpg 2048w\" sizes=\"(max-width: 2560px) 100vw, 2560px\" \/><\/a>\n\t\t\t<\/div><\/figure><figure class='gallery-item'>\n\t\t\t<div class='gallery-icon landscape'>\n\t\t\t\t<a data-elementor-open-lightbox=\"yes\" data-elementor-lightbox-slideshow=\"41fc626\" data-elementor-lightbox-title=\"_MG_6729\" data-e-action-hash=\"#elementor-action%3Aaction%3Dlightbox%26settings%3DeyJpZCI6ODc2LCJ1cmwiOiJodHRwczpcL1wvd3d3LmFzaWxvbmlkb3NwZXMuaXRcL3dwLWNvbnRlbnRcL3VwbG9hZHNcLzIwMjJcLzAyXC9NR182NzI5LXNjYWxlZC5qcGciLCJzbGlkZXNob3ciOiI0MWZjNjI2In0%3D\" href='https:\/\/www.asilonidospes.it\/wp-content\/uploads\/2022\/02\/MG_6729-scaled.jpg'><img decoding=\"async\" width=\"2560\" height=\"2560\" src=\"https:\/\/www.asilonidospes.it\/wp-content\/uploads\/2022\/02\/MG_6729-scaled.jpg\" class=\"attachment-full size-full\" alt=\"\" srcset=\"https:\/\/www.asilonidospes.it\/wp-content\/uploads\/2022\/02\/MG_6729-scaled.jpg 2560w, https:\/\/www.asilonidospes.it\/wp-content\/uploads\/2022\/02\/MG_6729-300x300.jpg 300w, https:\/\/www.asilonidospes.it\/wp-content\/uploads\/2022\/02\/MG_6729-1024x1024.jpg 1024w, https:\/\/www.asilonidospes.it\/wp-content\/uploads\/2022\/02\/MG_6729-150x150.jpg 150w, https:\/\/www.asilonidospes.it\/wp-content\/uploads\/2022\/02\/MG_6729-768x768.jpg 768w, https:\/\/www.asilonidospes.it\/wp-content\/uploads\/2022\/02\/MG_6729-1536x1536.jpg 1536w, https:\/\/www.asilonidospes.it\/wp-content\/uploads\/2022\/02\/MG_6729-2048x2048.jpg 2048w\" sizes=\"(max-width: 2560px) 100vw, 2560px\" \/><\/a>\n\t\t\t<\/div><\/figure>\n\t\t<\/div>\n\t\t<\/div>\n\t\t\t\t\t\t<\/div>\n\t\t\t\t<\/div>\n\t\t\t\t<div class=\"elementor-element elementor-element-8578938 elementor-widget elementor-widget-heading\" data-id=\"8578938\" data-element_type=\"widget\" data-e-type=\"widget\" data-widget_type=\"heading.default\">\n\t\t\t\t<div class=\"elementor-widget-container\">\n\t\t\t\t\t<h5 class=\"elementor-heading-title elementor-size-default\">Fase di ambientamento del bambino<\/h5>\t\t\t\t<\/div>\n\t\t\t\t<\/div>\n\t\t\t\t<div class=\"elementor-element elementor-element-d135d51 elementor-widget elementor-widget-text-editor\" data-id=\"d135d51\" data-element_type=\"widget\" data-e-type=\"widget\" data-widget_type=\"text-editor.default\">\n\t\t\t\t<div class=\"elementor-widget-container\">\n\t\t\t\t\t\t\t\t\t<p>La delicata fase dell&#8217;inserimento, segna l&#8217;inizio di un rapporto a tre(bambino\/genitore\/educatore), collocato nell&#8217;intreccio tra due sistemi (famiglia-nido).<\/p><p>La progettazione relativa all&#8217;ambientamento, ha come obiettivo, la capacit\u00e0 di dare un senso all&#8217;esperienza del bambino. Questo approccio, che si collega direttamente con la funzione materna, permette al bambino di apprendere dall&#8217;esperienza, interiorizzandola, ovvero facendola divenire oggetto interno.<\/p><p>\u00c8 attraverso l&#8217;elaborazione dell&#8217;esperienza, che il bambino pu\u00f2 raggiungere il Benessere, ossia quello stato di equilibrio emotivo, garantito dalla possibilit\u00e0 di mentalizzare gli eventi<\/p>\t\t\t\t\t\t\t\t<\/div>\n\t\t\t\t<\/div>\n\t\t\t\t<div class=\"elementor-element elementor-element-f1d3865 elementor-widget elementor-widget-spacer\" data-id=\"f1d3865\" data-element_type=\"widget\" data-e-type=\"widget\" data-widget_type=\"spacer.default\">\n\t\t\t\t<div class=\"elementor-widget-container\">\n\t\t\t\t\t\t\t<div class=\"elementor-spacer\">\n\t\t\t<div class=\"elementor-spacer-inner\"><\/div>\n\t\t<\/div>\n\t\t\t\t\t\t<\/div>\n\t\t\t\t<\/div>\n\t\t\t\t<div class=\"elementor-element elementor-element-740fc29 elementor-widget elementor-widget-heading\" data-id=\"740fc29\" data-element_type=\"widget\" data-e-type=\"widget\" data-widget_type=\"heading.default\">\n\t\t\t\t<div class=\"elementor-widget-container\">\n\t\t\t\t\t<h5 class=\"elementor-heading-title elementor-size-default\">Una giornata speciale...<\/h5>\t\t\t\t<\/div>\n\t\t\t\t<\/div>\n\t\t\t\t<div class=\"elementor-element elementor-element-2a2b934 elementor-widget elementor-widget-text-editor\" data-id=\"2a2b934\" data-element_type=\"widget\" data-e-type=\"widget\" data-widget_type=\"text-editor.default\">\n\t\t\t\t<div class=\"elementor-widget-container\">\n\t\t\t\t\t\t\t\t\t<p>La\u00a0<strong>Banca del Tempo<\/strong>, offre al genitore l&#8217;opportunit\u00e0 di vivere l&#8217;esperienza al\u00a0 nido direttamente, insieme al proprio figlio, al gruppo dei suoi coetanei e alle educatrici della sezione di appartenenza. \u00c8 un forte mezzo di scambio e di conoscenza, che consente ai genitori di entrare nella quotidianit\u00e0 del nido.\u00a0<\/p><p>In relazione alla propria possibilit\u00e0, i genitori liberamente decidono di scegliere il giorno pi\u00f9 consono alle proprie esigenze, previo accordi con le educatrici, per trascorrere la giornata al nido, e lo segnano sulla bacheca &#8220;Calendario della Banca del Tempo&#8221;. Al fine di rendere efficace e univoco l&#8217;intervento dell&#8217;adulto, il genitore viene accolto nella preparazione giornaliera, utilizzando durante la giornata modalit\u00e0 e tempi d&#8217;azione, rispettosi del gruppo dei bambini. Alla fine dell&#8217;esperienza giornaliera, il genitore compila una scheda di verifica, rispetto all&#8217;organizzazione. Tale scheda diventa ulteriore strumento di verifica dell&#8217;educatore, per migliorare la scheda educativa.<\/p>\t\t\t\t\t\t\t\t<\/div>\n\t\t\t\t<\/div>\n\t\t\t\t<div class=\"elementor-element elementor-element-75322b5 elementor-widget elementor-widget-spacer\" data-id=\"75322b5\" data-element_type=\"widget\" data-e-type=\"widget\" data-widget_type=\"spacer.default\">\n\t\t\t\t<div class=\"elementor-widget-container\">\n\t\t\t\t\t\t\t<div class=\"elementor-spacer\">\n\t\t\t<div class=\"elementor-spacer-inner\"><\/div>\n\t\t<\/div>\n\t\t\t\t\t\t<\/div>\n\t\t\t\t<\/div>\n\t\t\t\t<div class=\"elementor-element elementor-element-e12cd3f elementor-widget elementor-widget-heading\" data-id=\"e12cd3f\" data-element_type=\"widget\" data-e-type=\"widget\" data-widget_type=\"heading.default\">\n\t\t\t\t<div class=\"elementor-widget-container\">\n\t\t\t\t\t<h5 class=\"elementor-heading-title elementor-size-default\">Scuola Genitori<\/h5>\t\t\t\t<\/div>\n\t\t\t\t<\/div>\n\t\t\t\t<div class=\"elementor-element elementor-element-ba87ec2 elementor-widget elementor-widget-text-editor\" data-id=\"ba87ec2\" data-element_type=\"widget\" data-e-type=\"widget\" data-widget_type=\"text-editor.default\">\n\t\t\t\t<div class=\"elementor-widget-container\">\n\t\t\t\t\t\t\t\t\t<p>Gli obiettivi della scuola genitori sono:<\/p><ul><li>far acquisire una competenza, per affinare le modalit\u00e0 di relazione educativa, e di comunicazione ecologica, con i propri figli;<\/li><li>aiutare i genitori, ad\u00a0 affrontare e svolgere il delicato ruolo di educatore<\/li><\/ul><p>\u00a0<\/p><p>Il processo formativo \u00e8 rivolto ad un massimo di 20 persone, ed \u00e8 tenuto da un docente esperto in psico-terapia della famiglia, ed \u00e8 autofinanzato.<\/p>\t\t\t\t\t\t\t\t<\/div>\n\t\t\t\t<\/div>\n\t\t\t\t<div class=\"elementor-element elementor-element-3412444 elementor-widget elementor-widget-spacer\" data-id=\"3412444\" data-element_type=\"widget\" data-e-type=\"widget\" data-widget_type=\"spacer.default\">\n\t\t\t\t<div class=\"elementor-widget-container\">\n\t\t\t\t\t\t\t<div class=\"elementor-spacer\">\n\t\t\t<div class=\"elementor-spacer-inner\"><\/div>\n\t\t<\/div>\n\t\t\t\t\t\t<\/div>\n\t\t\t\t<\/div>\n\t\t\t\t\t<\/div>\n\t\t<\/div>\n\t\t\t\t\t<\/div>\n\t\t<\/section>\n\t\t\t\t<\/div>\n\t\t","protected":false},"excerpt":{"rendered":"<p>L&#8217;importanza del rapporto con la famiglia L&#8217;obiettivo specifico del nido, \u00e8 l&#8217;attenzione particolare al rapporto con la famiglia, inteso come conoscenza iniziale, interscambio, collaborazione e [&hellip;]<\/p>\n","protected":false},"author":1,"featured_media":0,"parent":0,"menu_order":0,"comment_status":"closed","ping_status":"closed","template":"","meta":{"footnotes":""},"class_list":["post-92","page","type-page","status-publish","hentry"],"yoast_head":"<!-- This site is optimized with the Yoast SEO plugin v27.5 - https:\/\/yoast.com\/product\/yoast-seo-wordpress\/ -->\n<title>Asilo Nido &quot;Spes&quot;<\/title>\n<meta name=\"robots\" content=\"index, follow, max-snippet:-1, max-image-preview:large, max-video-preview:-1\" \/>\n<link rel=\"canonical\" href=\"https:\/\/www.asilonidospes.it\/?page_id=92\" \/>\n<meta property=\"og:locale\" content=\"it_IT\" \/>\n<meta property=\"og:type\" content=\"article\" \/>\n<meta property=\"og:title\" content=\"Asilo Nido &quot;Spes&quot;\" \/>\n<meta property=\"og:description\" content=\"L&#8217;importanza del rapporto con la famiglia L&#8217;obiettivo specifico del nido, \u00e8 l&#8217;attenzione particolare al rapporto con la famiglia, inteso come conoscenza iniziale, interscambio, collaborazione e [&hellip;]\" \/>\n<meta property=\"og:url\" content=\"https:\/\/www.asilonidospes.it\/?page_id=92\" \/>\n<meta property=\"og:site_name\" content=\"asilonidospes.it\" \/>\n<meta property=\"article:modified_time\" content=\"2024-05-10T09:51:26+00:00\" \/>\n<meta property=\"og:image\" content=\"https:\/\/www.asilonidospes.it\/wp-content\/uploads\/elementor\/thumbs\/MG_6725-1-scaled-pkbcyde88246xfb4x0op1u0yen7x1ow6v288rn4etw.jpg\" \/>\n<meta name=\"twitter:card\" content=\"summary_large_image\" \/>\n<meta name=\"twitter:label1\" content=\"Tempo di lettura stimato\" \/>\n\t<meta name=\"twitter:data1\" content=\"4 minuti\" \/>\n<script type=\"application\/ld+json\" class=\"yoast-schema-graph\">{\"@context\":\"https:\\\/\\\/schema.org\",\"@graph\":[{\"@type\":\"WebPage\",\"@id\":\"https:\\\/\\\/www.asilonidospes.it\\\/?page_id=92\",\"url\":\"https:\\\/\\\/www.asilonidospes.it\\\/?page_id=92\",\"name\":\"Asilo Nido \\\"Spes\\\"\",\"isPartOf\":{\"@id\":\"https:\\\/\\\/www.asilonidospes.it\\\/#website\"},\"primaryImageOfPage\":{\"@id\":\"https:\\\/\\\/www.asilonidospes.it\\\/?page_id=92#primaryimage\"},\"image\":{\"@id\":\"https:\\\/\\\/www.asilonidospes.it\\\/?page_id=92#primaryimage\"},\"thumbnailUrl\":\"https:\\\/\\\/www.asilonidospes.it\\\/wp-content\\\/uploads\\\/elementor\\\/thumbs\\\/MG_6725-1-scaled-pkbcyde88246xfb4x0op1u0yen7x1ow6v288rn4etw.jpg\",\"datePublished\":\"2021-12-14T19:56:18+00:00\",\"dateModified\":\"2024-05-10T09:51:26+00:00\",\"inLanguage\":\"it-IT\",\"potentialAction\":[{\"@type\":\"ReadAction\",\"target\":[\"https:\\\/\\\/www.asilonidospes.it\\\/?page_id=92\"]}]},{\"@type\":\"ImageObject\",\"inLanguage\":\"it-IT\",\"@id\":\"https:\\\/\\\/www.asilonidospes.it\\\/?page_id=92#primaryimage\",\"url\":\"https:\\\/\\\/www.asilonidospes.it\\\/wp-content\\\/uploads\\\/elementor\\\/thumbs\\\/MG_6725-1-scaled-pkbcyde88246xfb4x0op1u0yen7x1ow6v288rn4etw.jpg\",\"contentUrl\":\"https:\\\/\\\/www.asilonidospes.it\\\/wp-content\\\/uploads\\\/elementor\\\/thumbs\\\/MG_6725-1-scaled-pkbcyde88246xfb4x0op1u0yen7x1ow6v288rn4etw.jpg\"},{\"@type\":\"WebSite\",\"@id\":\"https:\\\/\\\/www.asilonidospes.it\\\/#website\",\"url\":\"https:\\\/\\\/www.asilonidospes.it\\\/\",\"name\":\"asilonidospes.it\",\"description\":\"\",\"publisher\":{\"@id\":\"https:\\\/\\\/www.asilonidospes.it\\\/#organization\"},\"potentialAction\":[{\"@type\":\"SearchAction\",\"target\":{\"@type\":\"EntryPoint\",\"urlTemplate\":\"https:\\\/\\\/www.asilonidospes.it\\\/?s={search_term_string}\"},\"query-input\":{\"@type\":\"PropertyValueSpecification\",\"valueRequired\":true,\"valueName\":\"search_term_string\"}}],\"inLanguage\":\"it-IT\"},{\"@type\":\"Organization\",\"@id\":\"https:\\\/\\\/www.asilonidospes.it\\\/#organization\",\"name\":\"Cooperativa \\\"SPES\\\"\",\"url\":\"https:\\\/\\\/www.asilonidospes.it\\\/\",\"logo\":{\"@type\":\"ImageObject\",\"inLanguage\":\"it-IT\",\"@id\":\"https:\\\/\\\/www.asilonidospes.it\\\/#\\\/schema\\\/logo\\\/image\\\/\",\"url\":\"https:\\\/\\\/www.asilonidospes.it\\\/wp-content\\\/uploads\\\/2021\\\/12\\\/cropped-259401516_292556159364499_2933684309462808469_n-2.jpeg\",\"contentUrl\":\"https:\\\/\\\/www.asilonidospes.it\\\/wp-content\\\/uploads\\\/2021\\\/12\\\/cropped-259401516_292556159364499_2933684309462808469_n-2.jpeg\",\"width\":1920,\"height\":1920,\"caption\":\"Cooperativa \\\"SPES\\\"\"},\"image\":{\"@id\":\"https:\\\/\\\/www.asilonidospes.it\\\/#\\\/schema\\\/logo\\\/image\\\/\"}}]}<\/script>\n<!-- \/ Yoast SEO plugin. -->","yoast_head_json":{"title":"Asilo Nido \"Spes\"","robots":{"index":"index","follow":"follow","max-snippet":"max-snippet:-1","max-image-preview":"max-image-preview:large","max-video-preview":"max-video-preview:-1"},"canonical":"https:\/\/www.asilonidospes.it\/?page_id=92","og_locale":"it_IT","og_type":"article","og_title":"Asilo Nido \"Spes\"","og_description":"L&#8217;importanza del rapporto con la famiglia L&#8217;obiettivo specifico del nido, \u00e8 l&#8217;attenzione particolare al rapporto con la famiglia, inteso come conoscenza iniziale, interscambio, collaborazione e [&hellip;]","og_url":"https:\/\/www.asilonidospes.it\/?page_id=92","og_site_name":"asilonidospes.it","article_modified_time":"2024-05-10T09:51:26+00:00","og_image":[{"url":"https:\/\/www.asilonidospes.it\/wp-content\/uploads\/elementor\/thumbs\/MG_6725-1-scaled-pkbcyde88246xfb4x0op1u0yen7x1ow6v288rn4etw.jpg","type":"","width":"","height":""}],"twitter_card":"summary_large_image","twitter_misc":{"Tempo di lettura stimato":"4 minuti"},"schema":{"@context":"https:\/\/schema.org","@graph":[{"@type":"WebPage","@id":"https:\/\/www.asilonidospes.it\/?page_id=92","url":"https:\/\/www.asilonidospes.it\/?page_id=92","name":"Asilo Nido \"Spes\"","isPartOf":{"@id":"https:\/\/www.asilonidospes.it\/#website"},"primaryImageOfPage":{"@id":"https:\/\/www.asilonidospes.it\/?page_id=92#primaryimage"},"image":{"@id":"https:\/\/www.asilonidospes.it\/?page_id=92#primaryimage"},"thumbnailUrl":"https:\/\/www.asilonidospes.it\/wp-content\/uploads\/elementor\/thumbs\/MG_6725-1-scaled-pkbcyde88246xfb4x0op1u0yen7x1ow6v288rn4etw.jpg","datePublished":"2021-12-14T19:56:18+00:00","dateModified":"2024-05-10T09:51:26+00:00","inLanguage":"it-IT","potentialAction":[{"@type":"ReadAction","target":["https:\/\/www.asilonidospes.it\/?page_id=92"]}]},{"@type":"ImageObject","inLanguage":"it-IT","@id":"https:\/\/www.asilonidospes.it\/?page_id=92#primaryimage","url":"https:\/\/www.asilonidospes.it\/wp-content\/uploads\/elementor\/thumbs\/MG_6725-1-scaled-pkbcyde88246xfb4x0op1u0yen7x1ow6v288rn4etw.jpg","contentUrl":"https:\/\/www.asilonidospes.it\/wp-content\/uploads\/elementor\/thumbs\/MG_6725-1-scaled-pkbcyde88246xfb4x0op1u0yen7x1ow6v288rn4etw.jpg"},{"@type":"WebSite","@id":"https:\/\/www.asilonidospes.it\/#website","url":"https:\/\/www.asilonidospes.it\/","name":"asilonidospes.it","description":"","publisher":{"@id":"https:\/\/www.asilonidospes.it\/#organization"},"potentialAction":[{"@type":"SearchAction","target":{"@type":"EntryPoint","urlTemplate":"https:\/\/www.asilonidospes.it\/?s={search_term_string}"},"query-input":{"@type":"PropertyValueSpecification","valueRequired":true,"valueName":"search_term_string"}}],"inLanguage":"it-IT"},{"@type":"Organization","@id":"https:\/\/www.asilonidospes.it\/#organization","name":"Cooperativa \"SPES\"","url":"https:\/\/www.asilonidospes.it\/","logo":{"@type":"ImageObject","inLanguage":"it-IT","@id":"https:\/\/www.asilonidospes.it\/#\/schema\/logo\/image\/","url":"https:\/\/www.asilonidospes.it\/wp-content\/uploads\/2021\/12\/cropped-259401516_292556159364499_2933684309462808469_n-2.jpeg","contentUrl":"https:\/\/www.asilonidospes.it\/wp-content\/uploads\/2021\/12\/cropped-259401516_292556159364499_2933684309462808469_n-2.jpeg","width":1920,"height":1920,"caption":"Cooperativa \"SPES\""},"image":{"@id":"https:\/\/www.asilonidospes.it\/#\/schema\/logo\/image\/"}}]}},"_links":{"self":[{"href":"https:\/\/www.asilonidospes.it\/index.php?rest_route=\/wp\/v2\/pages\/92","targetHints":{"allow":["GET"]}}],"collection":[{"href":"https:\/\/www.asilonidospes.it\/index.php?rest_route=\/wp\/v2\/pages"}],"about":[{"href":"https:\/\/www.asilonidospes.it\/index.php?rest_route=\/wp\/v2\/types\/page"}],"author":[{"embeddable":true,"href":"https:\/\/www.asilonidospes.it\/index.php?rest_route=\/wp\/v2\/users\/1"}],"replies":[{"embeddable":true,"href":"https:\/\/www.asilonidospes.it\/index.php?rest_route=%2Fwp%2Fv2%2Fcomments&post=92"}],"version-history":[{"count":43,"href":"https:\/\/www.asilonidospes.it\/index.php?rest_route=\/wp\/v2\/pages\/92\/revisions"}],"predecessor-version":[{"id":1053,"href":"https:\/\/www.asilonidospes.it\/index.php?rest_route=\/wp\/v2\/pages\/92\/revisions\/1053"}],"wp:attachment":[{"href":"https:\/\/www.asilonidospes.it\/index.php?rest_route=%2Fwp%2Fv2%2Fmedia&parent=92"}],"curies":[{"name":"wp","href":"https:\/\/api.w.org\/{rel}","templated":true}]}}